{"id":977,"date":"2019-02-04T09:27:37","date_gmt":"2019-02-04T14:27:37","guid":{"rendered":"http:\/\/www.coacsantaanita.fin.ec\/sitio\/?page_id=977"},"modified":"2019-02-04T11:05:57","modified_gmt":"2019-02-04T16:05:57","slug":"nuestros-emprendedores","status":"publish","type":"page","link":"https:\/\/www.coacsantaanita.fin.ec\/sitio\/nuestros-emprendedores\/","title":{"rendered":"NUESTROS EMPRENDEDORES"},"content":{"rendered":"<div class=\"wpb-content-wrapper\"><p>[vc_row][vc_column][\/vc_column][\/vc_row][vc_row][vc_column][vc_column_text]<\/p>\n<h3 style=\"text-align: center;\">Conoce las historias de algunos de nuestros socios.<\/h3>\n<p>[\/vc_column_text][\/vc_column][\/vc_row][vc_row][vc_column][\/vc_column][\/vc_row][vc_row][vc_column width=\u00bb1\/2&#8243;][vc_single_image img_size=\u00bbboc_medium\u00bb style=\u00bbvc_box_shadow_3d\u00bb image=\u00bb978&#8243;][\/vc_column][vc_column width=\u00bb1\/2&#8243;][vc_column_text]<\/p>\n<p style=\"text-align: justify;\"><strong>Produce y crece con nuestro apoyo !<\/strong><\/p>\n<p style=\"text-align: justify;\">Juan Celin\u00a0 tiene 63 a\u00f1os de edad\u00a0 y\u00a0 es casado. Vive en la comuna de San Juan, en el cant\u00f3n Mont\u00fafar, provincia del Carchi. Tiene una nieta. Se dedica al cultivo de papas y el cuidado de ganado vacuno para engorde y la producci\u00f3n de leche. Tiene 35 a\u00f1os de experiencia.<\/p>\n<p style=\"text-align: justify;\">Francisco solicit\u00f3 un cr\u00e9dito\u00a0 de 1500 d\u00f3lares que pagar\u00e1 en un periodo de 24 meses. El dinero invertir\u00e1 en la compra de dos vacas de leche 750 d\u00f3lares para que consuman el pastizal que el mismo mantiene para el cuidado de sus animales.<\/p>\n<p style=\"text-align: justify;\">Actualmente, Francisco produce\u00a0 80 litros\u00a0 diarios que los vende a 0,35 centavos cada uno.\u00a0 La idea de Francisco es comprar animales que le produzcan mayor cantidad de leche, ya que con el tiempo las vacas reducen la producci\u00f3n. Su inter\u00e9s principal es generar ingresos para el cuidado de su hija y nieta.<\/p>\n<p>[\/vc_column_text][\/vc_column][\/vc_row][vc_row][vc_column][\/vc_column][\/vc_row][vc_row][vc_column width=\u00bb1\/2&#8243;][vc_column_text]<\/p>\n<p style=\"text-align: justify;\"><strong>Eligi\u00f3 crecer con su negocio junto a la Cooperativa<\/strong> !<\/p>\n<p style=\"text-align: justify;\">Mar\u00eda Est\u00e9vez tiene 51 a\u00f1os es casada. Vive en Atuntaqui, provincia de Imbabura. Tiene a su cargo a su hija de 15 a\u00f1os, que tiene discapacidad. Para generar recursos econ\u00f3micos vende \u201cfritada\u201d, es un plato t\u00edpico de Imbabura que contiene carne de cerdo, papas, ma\u00edz tostado y mote. Tiene experiencia en el negocio desde hace tres a\u00f1os.<\/p>\n<p style=\"text-align: justify;\">Mar\u00eda solicit\u00f3 3000 d\u00f3lares a 18 meses. Inverti\u00f3 el dinero en la remodelaci\u00f3n de la infraestructura de su negocio. Comprar\u00e1 pintura, cemento y bloques. Adem\u00e1s de mesas, sillas, utensilios de cocina, platos y vasos. Adem\u00e1s que comprar\u00e1 refrescos y alimentos para la venta de sus platos t\u00edpicos.<\/p>\n<p>[\/vc_column_text][\/vc_column][vc_column width=\u00bb1\/2&#8243;][vc_single_image style=\u00bbvc_box_shadow_3d\u00bb image=\u00bb1009&#8243;][\/vc_column][\/vc_row][vc_row][vc_column][vc_column_text]<\/p>\n<p style=\"text-align: justify;\">En el d\u00eda logra vender 25 platos que le representa en dinero 75 d\u00f3lares diarios y en la semana 525 d\u00f3lares de los cuales paga los alimentos y servicios b\u00e1sicos de su negocio. Adem\u00e1s invierte las utilidades mensuales en el cuidado de su hija que asiste a un centro para la estimulaci\u00f3n y el aprendizaje de la joven.<\/p>\n<p>[\/vc_column_text][\/vc_column][\/vc_row][vc_row][vc_column][\/vc_column][\/vc_row][vc_row][vc_column width=\u00bb1\/2&#8243;][vc_single_image style=\u00bbvc_box_shadow_3d\u00bb image=\u00bb1015&#8243;][\/vc_column][vc_column width=\u00bb1\/2&#8243;][vc_row_inner][vc_column_inner][\/vc_column_inner][\/vc_row_inner][vc_column_text]<\/p>\n<p style=\"text-align: justify;\"><strong>Fidelizada con la Coac. Santa Anita !<br \/>\n<\/strong><\/p>\n<p style=\"text-align: justify;\">Mar\u00eda Liquinchana tiene 56 a\u00f1os. Es casada. Vive en la Comunidad de El\u00a0 Cercado del cant\u00f3n Cotacachi. Se dedica al cultivo de uvillas desde hace 20 a\u00f1os y a elaborar pulseras de hilo en m\u00e1quina. Con el dinero que logra de utilidades solventa los gastos de ella y su esposo, ya que su hijo es universitario y solventa sus gastos trabajando.<\/p>\n<p style=\"text-align: justify;\">Mar\u00eda solicita un nuevo cr\u00e9dito de 1000 d\u00f3lares a 12 meses, que invertir\u00e1 en la compra de plantas de uvillas, abonos, alambres y palos para guiar las plantas. Tiene un gasto aproximado de 1020 d\u00f3lares.<\/p>\n<p style=\"text-align: justify;\">Mar\u00eda es una socia recurrente en los cr\u00e9ditos pues gracias a los mismos ha podido avanzar en sus dos actividades, tanto en la agricultura como en la artesan\u00eda. Su esposo le apoya en los gastos y juntos labran la tierra a fin de obtener buenas cosechas.<\/p>\n<p>[\/vc_column_text][\/vc_column][\/vc_row][vc_row][vc_column][\/vc_column][\/vc_row][vc_row][vc_column width=\u00bb1\/2&#8243;][vc_row_inner][vc_column_inner][\/vc_column_inner][\/vc_row_inner][vc_column_text]<\/p>\n<p style=\"text-align: justify;\"><strong>Apoyamos el emprendimiento!<\/strong><\/p>\n<p style=\"text-align: justify;\">Cecilia Vaca tiene 35 a\u00f1os y vive en Cotacachi. Es madre de dos hijos peque\u00f1os y que asisten a la escuela. Junto con su esposo producen art\u00edculos de cuero, que entregan al por mayor a comerciantes de la ciudad y de la capital.<\/p>\n<p style=\"text-align: justify;\">Cecilia solicit\u00f3 un cr\u00e9dito de 2000 d\u00f3lares a 24 meses. Con el dinero compr\u00f3 cuero engrasado por 500 d\u00f3lares, gamuza por 450 d\u00f3lares, cuero en hoja por 625 d\u00f3lares y accesorios para la elaboraci\u00f3n de productos por 375 d\u00f3lares.<\/p>\n<p style=\"text-align: justify;\">Cecilia adem\u00e1s trabaja en atenci\u00f3n al cliente en un local que ofrece el servicio de internet. La idea es recaudar dinero para la manutenci\u00f3n de sus hijos pero adem\u00e1s para pagar su vivienda que fue adquirida hace poco. Busca mejorar la calidad de vida de toda su familia y sobretodo de sus amigos.<\/p>\n<p>[\/vc_column_text][\/vc_column][vc_column width=\u00bb1\/2&#8243;][vc_single_image style=\u00bbvc_box_shadow_3d\u00bb image=\u00bb1021&#8243;][\/vc_column][\/vc_row]<\/p>\n<\/div>","protected":false},"excerpt":{"rendered":"<p>[vc_row][vc_column][\/vc_column][\/vc_row][vc_row][vc_column][vc_column_text] Conoce las historias de algunos de nuestros socios. [\/vc_column_text][\/vc_column][\/vc_row][vc_row][vc_column][\/vc_column][\/vc_row][vc_row][vc_column width=\u00bb1\/2&#8243;][vc_single_image img_size=\u00bbboc_medium\u00bb style=\u00bbvc_box_shadow_3d\u00bb image=\u00bb978&#8243;][\/vc_column][vc_column width=\u00bb1\/2&#8243;][vc_column_text] Produce y crece con nuestro apoyo ! Juan Celin\u00a0 tiene 63 a\u00f1os de edad\u00a0 y\u00a0 es casado. Vive en la comuna de San Juan, en el cant\u00f3n Mont\u00fafar, provincia del Carchi. Tiene una nieta. Se dedica al cultivo de papas y el cuidado de ganado<\/p>\n<div class=\"h10\"><\/div>\n<p><a class=\"more-link2 flat\" href=\"https:\/\/www.coacsantaanita.fin.ec\/sitio\/nuestros-emprendedores\/\">Read more<\/a><\/p>\n","protected":false},"author":3,"featured_media":0,"parent":0,"menu_order":0,"comment_status":"closed","ping_status":"closed","template":"","meta":{"_monsterinsights_skip_tracking":false,"_monsterinsights_sitenote_active":false,"_monsterinsights_sitenote_note":"","_monsterinsights_sitenote_category":0,"_uf_show_specific_survey":0,"_uf_disable_surveys":false,"footnotes":""},"aioseo_notices":[],"_links":{"self":[{"href":"https:\/\/www.coacsantaanita.fin.ec\/sitio\/wp-json\/wp\/v2\/pages\/977"}],"collection":[{"href":"https:\/\/www.coacsantaanita.fin.ec\/sitio\/wp-json\/wp\/v2\/pages"}],"about":[{"href":"https:\/\/www.coacsantaanita.fin.ec\/sitio\/wp-json\/wp\/v2\/types\/page"}],"author":[{"embeddable":true,"href":"https:\/\/www.coacsantaanita.fin.ec\/sitio\/wp-json\/wp\/v2\/users\/3"}],"replies":[{"embeddable":true,"href":"https:\/\/www.coacsantaanita.fin.ec\/sitio\/wp-json\/wp\/v2\/comments?post=977"}],"version-history":[{"count":44,"href":"https:\/\/www.coacsantaanita.fin.ec\/sitio\/wp-json\/wp\/v2\/pages\/977\/revisions"}],"predecessor-version":[{"id":1027,"href":"https:\/\/www.coacsantaanita.fin.ec\/sitio\/wp-json\/wp\/v2\/pages\/977\/revisions\/1027"}],"wp:attachment":[{"href":"https:\/\/www.coacsantaanita.fin.ec\/sitio\/wp-json\/wp\/v2\/media?parent=977"}],"curies":[{"name":"wp","href":"https:\/\/api.w.org\/{rel}","templated":true}]}}