{"id":2745,"date":"2026-04-07T15:19:18","date_gmt":"2026-04-07T20:19:18","guid":{"rendered":"https:\/\/www.coacsantaanita.fin.ec\/sitio\/?page_id=2745"},"modified":"2026-04-13T10:24:22","modified_gmt":"2026-04-13T15:24:22","slug":"contratos","status":"publish","type":"page","link":"https:\/\/www.coacsantaanita.fin.ec\/sitio\/contratos\/","title":{"rendered":"CONTRATOS"},"content":{"rendered":"<div class=\"wpb-content-wrapper\"><p>[vc_row][vc_column][vc_column_text]<strong>CONTRATOS<\/strong><\/p>\n<hr \/>\n<ul>\n<li><a href=\"https:\/\/www.coacsantaanita.fin.ec\/sitio\/wp-content\/uploads\/2026\/04\/CONTRATO-DE-AHORRO-PROGRAMADO-PARA-PERSONA-NATURAL-copia-2.pdf\">Contrato de Ahorro Programado &#8211; persona Natural.pdf<\/a><\/li>\n<li><a href=\"https:\/\/www.coacsantaanita.fin.ec\/sitio\/wp-content\/uploads\/2026\/04\/CONTRATO-DE-AHORRO-PROGRAMADO-PARA-PERSONA-JURIDICA.pdf\">Contrato de Ahorro Programado &#8211; persona Jur\u00eddica.pdf<\/a><\/li>\n<li><a href=\"https:\/\/www.coacsantaanita.fin.ec\/sitio\/wp-content\/uploads\/2026\/04\/CONTRATO-DE-AHORRO-PROGRAMADO-PARA-MENOR-DE-EDAD-copia.pdf\">Contrato de Ahorro Programado &#8211; Menor de Edad.pdf<\/a><\/li>\n<li><a href=\"https:\/\/www.coacsantaanita.fin.ec\/sitio\/terminos-y-condiciones-2\/\">T\u00e9rminos y Condiciones &#8211; Santa Anita en L\u00ednea<\/a><\/li>\n<\/ul>\n<p>[\/vc_column_text][\/vc_column][\/vc_row]<\/p>\n<\/div>","protected":false},"excerpt":{"rendered":"<p>[vc_row][vc_column][vc_column_text]CONTRATOS Contrato de Ahorro Programado &#8211; persona Natural.pdf Contrato de Ahorro Programado &#8211; persona Jur\u00eddica.pdf Contrato de Ahorro Programado &#8211; Menor de Edad.pdf T\u00e9rminos y Condiciones &#8211; Santa Anita en L\u00ednea [\/vc_column_text][\/vc_column][\/vc_row]<\/p>\n","protected":false},"author":3,"featured_media":0,"parent":0,"menu_order":0,"comment_status":"closed","ping_status":"closed","template":"","meta":{"_monsterinsights_skip_tracking":false,"_monsterinsights_sitenote_active":false,"_monsterinsights_sitenote_note":"","_monsterinsights_sitenote_category":0,"_uf_show_specific_survey":0,"_uf_disable_surveys":false,"footnotes":""},"aioseo_notices":[],"_links":{"self":[{"href":"https:\/\/www.coacsantaanita.fin.ec\/sitio\/wp-json\/wp\/v2\/pages\/2745"}],"collection":[{"href":"https:\/\/www.coacsantaanita.fin.ec\/sitio\/wp-json\/wp\/v2\/pages"}],"about":[{"href":"https:\/\/www.coacsantaanita.fin.ec\/sitio\/wp-json\/wp\/v2\/types\/page"}],"author":[{"embeddable":true,"href":"https:\/\/www.coacsantaanita.fin.ec\/sitio\/wp-json\/wp\/v2\/users\/3"}],"replies":[{"embeddable":true,"href":"https:\/\/www.coacsantaanita.fin.ec\/sitio\/wp-json\/wp\/v2\/comments?post=2745"}],"version-history":[{"count":4,"href":"https:\/\/www.coacsantaanita.fin.ec\/sitio\/wp-json\/wp\/v2\/pages\/2745\/revisions"}],"predecessor-version":[{"id":2781,"href":"https:\/\/www.coacsantaanita.fin.ec\/sitio\/wp-json\/wp\/v2\/pages\/2745\/revisions\/2781"}],"wp:attachment":[{"href":"https:\/\/www.coacsantaanita.fin.ec\/sitio\/wp-json\/wp\/v2\/media?parent=2745"}],"curies":[{"name":"wp","href":"https:\/\/api.w.org\/{rel}","templated":true}]}}