{"id":2407,"date":"2025-04-22T16:07:45","date_gmt":"2025-04-22T21:07:45","guid":{"rendered":"https:\/\/www.coacsantaanita.fin.ec\/sitio\/?page_id=2407"},"modified":"2026-04-28T20:08:03","modified_gmt":"2026-04-29T01:08:03","slug":"ecoamigo","status":"publish","type":"page","link":"https:\/\/www.coacsantaanita.fin.ec\/sitio\/ecoamigo\/","title":{"rendered":"ECOAMIGO"},"content":{"rendered":"<div class=\"wpb-content-wrapper\"><p>[vc_row][vc_column][vc_single_image image=\u00bb2790&#8243;][\/vc_column][\/vc_row][vc_row][vc_column]<div class=\"price_column  \"><ul><li class=\"price_column_title\">Beneficios<\/li><li>Se distingue por financiar inversiones que generan un impacto ambiental y social directo, alineadas con los Objetivos de Desarrollo Sostenible, en \u00e1reas como eficiencia energ\u00e9tica, energ\u00edas renovables, protecci\u00f3n ambiental y producci\u00f3n sostenible; ofrece modalidades de consumo o microcr\u00e9dito con tasa vigente, pagos flexibles (mensuales o ajustados a flujos agropecuarios), acceso sin garante en modalidad personal o solidaria, y montos desde 300 hasta 20.000 d\u00f3lares con plazos de hasta 60 meses, respaldado por un enfoque t\u00e9cnico que asegura que la inversi\u00f3n sea viable y que al menos el 70% del financiamiento se destine a fines verdaderamente sostenibles.<\/li><\/ul><\/div><div class=\"price_column  \"><ul><li class=\"price_column_title\">Requisitos<\/li><li>Si eres transportista, necesitas una copia de tu RUC o RIMPE, un certificado que demuestre que eres socio activo de una operadora de transporte y una copia de la matr\u00edcula del veh\u00edculo.<\/p>\n<p>Para actividades de comercio, producci\u00f3n o crianza de animales, debes presentar documentaci\u00f3n como carnet de vacunas, certificado SIFAE o gu\u00edas de movilizaci\u00f3n, seg\u00fan tu actividad.<\/p>\n<p>Si eres agricultor, puedes presentar copias de facturas por compra de insumos agr\u00edcolas o un certificado comercial agr\u00edcola que respalde tu actividad.<\/p>\n<p>Si eres arrendador, debes entregar una copia del contrato de arriendo vigente y los datos de contacto de tus arrendatarios.<\/p>\n<p>En el caso de profesionales de la construcci\u00f3n, se requiere una copia del RUC, las tres \u00faltimas declaraciones del IVA y una factura que evidencie la prestaci\u00f3n de servicios.<\/li><\/ul><\/div>[\/vc_column][\/vc_row]<\/p>\n<\/div>","protected":false},"excerpt":{"rendered":"<p>[vc_row][vc_column][vc_single_image image=\u00bb2790&#8243;][\/vc_column][\/vc_row][vc_row][vc_column][\/vc_column][\/vc_row]<\/p>\n","protected":false},"author":3,"featured_media":0,"parent":0,"menu_order":0,"comment_status":"closed","ping_status":"closed","template":"","meta":{"_monsterinsights_skip_tracking":false,"_monsterinsights_sitenote_active":false,"_monsterinsights_sitenote_note":"","_monsterinsights_sitenote_category":0,"_uf_show_specific_survey":0,"_uf_disable_surveys":false,"footnotes":""},"aioseo_notices":[],"_links":{"self":[{"href":"https:\/\/www.coacsantaanita.fin.ec\/sitio\/wp-json\/wp\/v2\/pages\/2407"}],"collection":[{"href":"https:\/\/www.coacsantaanita.fin.ec\/sitio\/wp-json\/wp\/v2\/pages"}],"about":[{"href":"https:\/\/www.coacsantaanita.fin.ec\/sitio\/wp-json\/wp\/v2\/types\/page"}],"author":[{"embeddable":true,"href":"https:\/\/www.coacsantaanita.fin.ec\/sitio\/wp-json\/wp\/v2\/users\/3"}],"replies":[{"embeddable":true,"href":"https:\/\/www.coacsantaanita.fin.ec\/sitio\/wp-json\/wp\/v2\/comments?post=2407"}],"version-history":[{"count":3,"href":"https:\/\/www.coacsantaanita.fin.ec\/sitio\/wp-json\/wp\/v2\/pages\/2407\/revisions"}],"predecessor-version":[{"id":2813,"href":"https:\/\/www.coacsantaanita.fin.ec\/sitio\/wp-json\/wp\/v2\/pages\/2407\/revisions\/2813"}],"wp:attachment":[{"href":"https:\/\/www.coacsantaanita.fin.ec\/sitio\/wp-json\/wp\/v2\/media?parent=2407"}],"curies":[{"name":"wp","href":"https:\/\/api.w.org\/{rel}","templated":true}]}}