{"id":21,"date":"2018-03-16T15:41:52","date_gmt":"2018-03-16T20:41:52","guid":{"rendered":"http:\/\/www.coacsantaanita.fin.ec\/sitio\/?page_id=21"},"modified":"2025-04-22T15:22:22","modified_gmt":"2025-04-22T20:22:22","slug":"inversiones","status":"publish","type":"page","link":"https:\/\/www.coacsantaanita.fin.ec\/sitio\/inversiones\/","title":{"rendered":"INVERSIONES"},"content":{"rendered":"<div class=\"wpb-content-wrapper\"><p>[vc_row][vc_column][vc_single_image image=\u00bb2366&#8243;][\/vc_column][\/vc_row][vc_row][vc_column]<div class=\"price_column  \"><ul><li class=\"price_column_title\">Beneficios<\/li><li>El Dep\u00f3sito a Plazo Fijo te ofrece la oportunidad de invertir sin necesidad de ser socio de la Cooperativa. Solo necesitas presentar una copia a color de tu c\u00e9dula, certificado de votaci\u00f3n y una planilla de servicio b\u00e1sico de tu domicilio con antig\u00fcedad no mayor a 60 d\u00edas. Aprovecha esta opci\u00f3n accesible y segura para hacer crecer tu dinero de manera sencilla.<\/li><\/ul><\/div><div class=\"price_column  \"><ul><li class=\"price_column_title\">Requisitos<\/li><li><\/p>\n<ul>\n<li>Copia a color de la c\u00e9dula y certificado de votaci\u00f3n del titular.<\/li>\n<li>Planilla de servicio b\u00e1sico del domicilio del solicitante con antig\u00fcedad no mayor a 60 d\u00edas.<\/li>\n<\/ul>\n<p><\/li><\/ul><\/div>[\/vc_column][\/vc_row]<\/p>\n<\/div>","protected":false},"excerpt":{"rendered":"<p>[vc_row][vc_column][vc_single_image image=\u00bb2366&#8243;][\/vc_column][\/vc_row][vc_row][vc_column][\/vc_column][\/vc_row]<\/p>\n","protected":false},"author":3,"featured_media":0,"parent":0,"menu_order":0,"comment_status":"closed","ping_status":"closed","template":"","meta":{"_monsterinsights_skip_tracking":false,"_monsterinsights_sitenote_active":false,"_monsterinsights_sitenote_note":"","_monsterinsights_sitenote_category":0,"_uf_show_specific_survey":0,"_uf_disable_surveys":false,"footnotes":""},"aioseo_notices":[],"_links":{"self":[{"href":"https:\/\/www.coacsantaanita.fin.ec\/sitio\/wp-json\/wp\/v2\/pages\/21"}],"collection":[{"href":"https:\/\/www.coacsantaanita.fin.ec\/sitio\/wp-json\/wp\/v2\/pages"}],"about":[{"href":"https:\/\/www.coacsantaanita.fin.ec\/sitio\/wp-json\/wp\/v2\/types\/page"}],"author":[{"embeddable":true,"href":"https:\/\/www.coacsantaanita.fin.ec\/sitio\/wp-json\/wp\/v2\/users\/3"}],"replies":[{"embeddable":true,"href":"https:\/\/www.coacsantaanita.fin.ec\/sitio\/wp-json\/wp\/v2\/comments?post=21"}],"version-history":[{"count":3,"href":"https:\/\/www.coacsantaanita.fin.ec\/sitio\/wp-json\/wp\/v2\/pages\/21\/revisions"}],"predecessor-version":[{"id":2400,"href":"https:\/\/www.coacsantaanita.fin.ec\/sitio\/wp-json\/wp\/v2\/pages\/21\/revisions\/2400"}],"wp:attachment":[{"href":"https:\/\/www.coacsantaanita.fin.ec\/sitio\/wp-json\/wp\/v2\/media?parent=21"}],"curies":[{"name":"wp","href":"https:\/\/api.w.org\/{rel}","templated":true}]}}