{"id":1953,"date":"2023-06-28T10:30:17","date_gmt":"2023-06-28T15:30:17","guid":{"rendered":"https:\/\/www.coacsantaanita.fin.ec\/sitio\/?page_id=1953"},"modified":"2026-04-08T16:13:12","modified_gmt":"2026-04-08T21:13:12","slug":"politica-ambiental-saras","status":"publish","type":"page","link":"https:\/\/www.coacsantaanita.fin.ec\/sitio\/politica-ambiental-saras\/","title":{"rendered":"POL\u00cdTICA AMBIENTAL SARAS"},"content":{"rendered":"<div class=\"wpb-content-wrapper\"><p>[vc_row][vc_column][\/vc_column][\/vc_row][vc_row][vc_column width=\u00bb2\/3&#8243;][vc_single_image image=\u00bb1959&#8243;][vc_column_text]Conozca la:<\/p>\n<p style=\"text-align: justify;\"><a href=\"https:\/\/www.coacsantaanita.fin.ec\/sitio\/wp-content\/uploads\/2026\/04\/Politica-Ambiental.pdf\">POL\u00cdTICA AMBIENTAL SARAS.pdf<\/a><\/p>\n<hr \/>\n<p style=\"text-align: justify;\"><strong>LISTA DE EXCLUSI\u00d3N<\/strong>:<\/p>\n<p style=\"text-align: justify;\">Coac. Santa Anita NO ofrecer\u00e1 servicios financieros por las implicaciones ambientales y sociales negativas que generan a las siguientes actividades:<\/p>\n<p style=\"text-align: justify;\"><a href=\"https:\/\/www.coacsantaanita.fin.ec\/sitio\/wp-content\/uploads\/2023\/06\/lista-exclusion-saras-cooperativa-santa-anita.pdf\" target=\"_blank\" rel=\"noopener\">LISTA DE EXCLUSI\u00d3N.pdf<\/a><\/p>\n<p>[\/vc_column_text][\/vc_column][vc_column width=\u00bb1\/3&#8243;][\/vc_column][\/vc_row]<\/p>\n<\/div>","protected":false},"excerpt":{"rendered":"<p>[vc_row][vc_column][\/vc_column][\/vc_row][vc_row][vc_column width=\u00bb2\/3&#8243;][vc_single_image image=\u00bb1959&#8243;][vc_column_text]Conozca la: POL\u00cdTICA AMBIENTAL SARAS.pdf LISTA DE EXCLUSI\u00d3N: Coac. Santa Anita NO ofrecer\u00e1 servicios financieros por las implicaciones ambientales y sociales negativas que generan a las siguientes actividades: LISTA DE EXCLUSI\u00d3N.pdf [\/vc_column_text][\/vc_column][vc_column width=\u00bb1\/3&#8243;][\/vc_column][\/vc_row]<\/p>\n","protected":false},"author":3,"featured_media":0,"parent":0,"menu_order":0,"comment_status":"closed","ping_status":"closed","template":"","meta":{"_monsterinsights_skip_tracking":false,"_monsterinsights_sitenote_active":false,"_monsterinsights_sitenote_note":"","_monsterinsights_sitenote_category":0,"_uf_show_specific_survey":0,"_uf_disable_surveys":false,"footnotes":""},"aioseo_notices":[],"_links":{"self":[{"href":"https:\/\/www.coacsantaanita.fin.ec\/sitio\/wp-json\/wp\/v2\/pages\/1953"}],"collection":[{"href":"https:\/\/www.coacsantaanita.fin.ec\/sitio\/wp-json\/wp\/v2\/pages"}],"about":[{"href":"https:\/\/www.coacsantaanita.fin.ec\/sitio\/wp-json\/wp\/v2\/types\/page"}],"author":[{"embeddable":true,"href":"https:\/\/www.coacsantaanita.fin.ec\/sitio\/wp-json\/wp\/v2\/users\/3"}],"replies":[{"embeddable":true,"href":"https:\/\/www.coacsantaanita.fin.ec\/sitio\/wp-json\/wp\/v2\/comments?post=1953"}],"version-history":[{"count":12,"href":"https:\/\/www.coacsantaanita.fin.ec\/sitio\/wp-json\/wp\/v2\/pages\/1953\/revisions"}],"predecessor-version":[{"id":2763,"href":"https:\/\/www.coacsantaanita.fin.ec\/sitio\/wp-json\/wp\/v2\/pages\/1953\/revisions\/2763"}],"wp:attachment":[{"href":"https:\/\/www.coacsantaanita.fin.ec\/sitio\/wp-json\/wp\/v2\/media?parent=1953"}],"curies":[{"name":"wp","href":"https:\/\/api.w.org\/{rel}","templated":true}]}}