{"id":1849,"date":"2023-01-25T11:29:05","date_gmt":"2023-01-25T16:29:05","guid":{"rendered":"https:\/\/www.coacsantaanita.fin.ec\/sitio\/?page_id=1849"},"modified":"2025-05-26T10:40:14","modified_gmt":"2025-05-26T15:40:14","slug":"credito-agricola-ganadero","status":"publish","type":"page","link":"https:\/\/www.coacsantaanita.fin.ec\/sitio\/credito-agricola-ganadero\/","title":{"rendered":"CR\u00c9DITO AGR\u00cdCOLA GANADERO"},"content":{"rendered":"<div class=\"wpb-content-wrapper\"><p>[vc_row][vc_column][vc_single_image image=\u00bb2369&#8243;]<div class=\"price_column  \"><ul><li class=\"price_column_title\">Beneficios<\/li><li>Tasas competitivas<\/p>\n<p>Acompa\u00f1amiento y asesor\u00eda personalizada de parte de personal especializado en el sector productivo.<\/p>\n<p>Sin encaje, lo que optimiza el uso del cr\u00e9dito para tu negocio.<\/p>\n<p>Te ayuda a crear o fortalecer tu historial crediticio, abriendo nuevas oportunidades de financiamiento en el futuro.<\/li><\/ul><\/div><div class=\"price_column  \"><ul><li class=\"price_column_title\">Requisitos<\/li><li><\/p>\n<p style=\"text-align: left;\"><span data-olk-copy-source=\"MessageBody\">\u00a1Accede a nuestros servicios con facilidad! Si eres transportista, presenta tu RUC o RIMPE, certificado de socio activo de la operadora y matr\u00edcula del veh\u00edculo. Para quienes se dedican al comercio, producci\u00f3n o crianza de animales, trae el carn\u00e9 de vacunas, certificado SIFAE, gu\u00edas de movilizaci\u00f3n, entre otros. Si eres agricultor, puedes presentar facturas de compra de insumos o tu certificado comercial agr\u00edcola. Los arrendadores necesitan copia del contrato de arriendo y referencias de sus arrendatarios. Y si eres profesional de la construcci\u00f3n, te solicitamos tu RUC, las tres \u00faltimas declaraciones del IVA y una factura por servicios prestados. \u00a1En Santa Anita reconocemos tu esfuerzo y te respaldamos con soluciones a tu medida.!<\/span><\/p>\n<p><\/li><\/ul><\/div>[\/vc_column][\/vc_row]<\/p>\n<\/div>","protected":false},"excerpt":{"rendered":"<p>[vc_row][vc_column][vc_single_image image=\u00bb2369&#8243;][\/vc_column][\/vc_row]<\/p>\n","protected":false},"author":3,"featured_media":0,"parent":0,"menu_order":0,"comment_status":"closed","ping_status":"closed","template":"","meta":{"_monsterinsights_skip_tracking":false,"_monsterinsights_sitenote_active":false,"_monsterinsights_sitenote_note":"","_monsterinsights_sitenote_category":0,"_uf_show_specific_survey":0,"_uf_disable_surveys":false,"footnotes":""},"aioseo_notices":[],"_links":{"self":[{"href":"https:\/\/www.coacsantaanita.fin.ec\/sitio\/wp-json\/wp\/v2\/pages\/1849"}],"collection":[{"href":"https:\/\/www.coacsantaanita.fin.ec\/sitio\/wp-json\/wp\/v2\/pages"}],"about":[{"href":"https:\/\/www.coacsantaanita.fin.ec\/sitio\/wp-json\/wp\/v2\/types\/page"}],"author":[{"embeddable":true,"href":"https:\/\/www.coacsantaanita.fin.ec\/sitio\/wp-json\/wp\/v2\/users\/3"}],"replies":[{"embeddable":true,"href":"https:\/\/www.coacsantaanita.fin.ec\/sitio\/wp-json\/wp\/v2\/comments?post=1849"}],"version-history":[{"count":8,"href":"https:\/\/www.coacsantaanita.fin.ec\/sitio\/wp-json\/wp\/v2\/pages\/1849\/revisions"}],"predecessor-version":[{"id":2456,"href":"https:\/\/www.coacsantaanita.fin.ec\/sitio\/wp-json\/wp\/v2\/pages\/1849\/revisions\/2456"}],"wp:attachment":[{"href":"https:\/\/www.coacsantaanita.fin.ec\/sitio\/wp-json\/wp\/v2\/media?parent=1849"}],"curies":[{"name":"wp","href":"https:\/\/api.w.org\/{rel}","templated":true}]}}